{"id":49,"date":"2025-07-25T09:44:50","date_gmt":"2025-07-25T09:44:50","guid":{"rendered":"https:\/\/decorfiestas.com\/?page_id=49"},"modified":"2025-10-09T15:29:42","modified_gmt":"2025-10-09T15:29:42","slug":"contactanos","status":"publish","type":"page","link":"https:\/\/decorfiestas.com\/?page_id=49&lang=es","title":{"rendered":"Cont\u00e1ctanos"},"content":{"rendered":"\n<div class=\"wp-block-cover\"><span aria-hidden=\"true\" class=\"wp-block-cover__background has-nv-site-bg-background-color has-background-dim-100 has-background-dim\"><\/span><div class=\"wp-block-cover__inner-container is-layout-constrained wp-block-cover-is-layout-constrained\">\n<h2 class=\"wp-block-heading has-text-align-center has-nv-dark-bg-color has-text-color has-link-color has-large-font-size wp-elements-2ac964057bf788cccd96642eb09f4d7c\">Cont\u00e1ctanos<\/h2>\n\n\n\n<p class=\"has-text-align-center\">\u00a1Empaqueta aire feliz y vende atm\u00f3sferas de sorpresa!<\/p>\n\n\n\n<p class=\"has-text-align-center\">Esperamos crear experiencias inolvidables para tus momentos especiales, sirviendo en Barcelona y sus alrededores.<\/p>\n\n\n\n<div style=\"height:50px\" aria-hidden=\"true\" class=\"wp-block-spacer\"><\/div>\n\n\n\n<!DOCTYPE html>\n<html lang=\"es\">\n<head>\n    <meta charset=\"UTF-8\">\n    <meta name=\"viewport\" content=\"width=device-width, initial-scale=1.0\">\n    <title>Cont\u00e1ctanos &#8211; Decor Fiestas<\/title>\n    <script src=\"https:\/\/cdn.tailwindcss.com\"><\/script>\n    <link href=\"https:\/\/cdn.jsdelivr.net\/npm\/font-awesome@4.7.0\/css\/font-awesome.min.css\" rel=\"stylesheet\">\n    <script>\n        tailwind.config = {\n            theme: {\n                extend: {\n                    colors: {\n                        primary: '#8A2BE2', \/\/ \u7d2b\u8272\u4f5c\u4e3a\u4e3b\u8272\u8c03\uff0c\u547c\u5e94LOGO\u4e2d\u7684\u7d2b\u8272\u6c14\u7403\n                        secondary: '#32CD32', \/\/ \u7eff\u8272\u4f5c\u4e3a\u8f85\u52a9\u8272\uff0c\u547c\u5e94LOGO\u4e2d\u7684\u7eff\u8272\u6c14\u7403\n                        accent: '#FF6347', \/\/ \u6a59\u8272\u4f5c\u4e3a\u5f3a\u8c03\u8272\uff0c\u547c\u5e94LOGO\u4e2d\u7684\u6a59\u8272\u6c14\u7403\n                    },\n                    fontFamily: {\n                        sans: ['Inter', 'system-ui', 'sans-serif'],\n                    },\n                }\n            }\n        }\n    <\/script>\n    <style type=\"text\/tailwindcss\">\n        @layer utilities {\n            .text-shadow {\n                text-shadow: 2px 2px 4px rgba(0, 0, 0, 0.2);\n            }\n            .transition-custom {\n                transition: all 0.3s ease-in-out;\n            }\n        }\n    <\/style>\n<\/head>\n<body class=\"bg-gray-50 font-sans\">\n<div class=\"bg-white rounded-xl shadow-md p-6 mb-12\">\n            <h2 class=\"text-2xl font-bold text-gray-800 mb-6 text-center\">Nuestros servicios<\/h2>\n            \n            <div class=\"grid grid-cols-1 md:grid-cols-2 lg:grid-cols-4 gap-6\">\n                <!-- \u670d\u52a1\u98791 -->\n                <div class=\"text-center p-4 rounded-lg hover:shadow-lg transition-custom\">\n                    <div class=\"w-16 h-16 bg-primary\/10 rounded-full flex items-center justify-center mx-auto mb-4\">\n                        <i class=\"fa fa-building text-primary text-2xl\"><\/i>\n                    <\/div>\n                    <h3 class=\"font-semibold text-lg mb-2 text-primary\">Decoraci\u00f3n de apertura<\/h3>\n                    <p class=\"text-gray-600 text-sm\">Creamos un ambiente festivo y animado para la apertura de tu nueva tienda<\/p>\n                <\/div>\n                \n                <!-- \u670d\u52a1\u98792 -->\n                <div class=\"text-center p-4 rounded-lg hover:shadow-lg transition-custom\">\n                    <div class=\"w-16 h-16 bg-secondary\/10 rounded-full flex items-center justify-center mx-auto mb-4\">\n                        <i class=\"fa fa-birthday-cake text-secondary text-2xl\"><\/i>\n                    <\/div>\n                    <h3 class=\"font-semibold text-lg mb-2 text-secondary\">Fiesta de cumplea\u00f1os<\/h3>\n                    <p class=\"text-gray-600 text-sm\">Decoraciones personalizadas para celebraciones de cumplea\u00f1os de todas las edades<\/p>\n                <\/div>\n                \n                <!-- \u670d\u52a1\u98793 -->\n                <div class=\"text-center p-4 rounded-lg hover:shadow-lg transition-custom\">\n                    <div class=\"w-16 h-16 bg-accent\/10 rounded-full flex items-center justify-center mx-auto mb-4\">\n                        <i class=\"fa fa-heart text-accent text-2xl\"><\/i>\n                    <\/div>\n                    <h3 class=\"font-semibold text-lg mb-2 text-accent\">Propuestas de matrimonio<\/h3>\n                    <p class=\"text-gray-600 text-sm\">Creaci\u00f3n de escenas rom\u00e1nticas y memorables para propuestas y declaraciones de amor<\/p>\n                <\/div>\n                \n                <!-- \u670d\u52a1\u98794 -->\n                <div class=\"text-center p-4 rounded-lg hover:shadow-lg transition-custom\">\n                    <div class=\"w-16 h-16 bg-pink-500\/10 rounded-full flex items-center justify-center mx-auto mb-4\">\n                        <i class=\"fa fa-shopping-bag text-pink-500 text-2xl\"><\/i>\n                    <\/div>\n                    <h3 class=\"font-semibold text-lg mb-2 text-pink-500\">Decoraci\u00f3n de tiendas<\/h3>\n                    <p class=\"text-gray-600 text-sm\">Decoraciones para eventos festivos y promocionales en todo tipo de establecimientos comerciales<\/p>\n                <\/div>\n            <\/div>\n            \n            <!-- \u7279\u8272\u670d\u52a1 -->\n            <div class=\"mt-8 text-center p-6 bg-yellow-50 rounded-lg border border-yellow-100\">\n                <h3 class=\"font-bold text-xl text-yellow-800 mb-3\">Servicios Exclusivos<\/h3>\n                <p class=\"text-gray-700\">Ofrecemos decoraciones de globos art\u00edsticos con caracter\u00edsticas tradicionales chinas, como globos de buena fortuna, leones bailarines, dragones chinos, dioses de la prosperidad, nudos chinos, etc., para a\u00f1adir un toque \u00fanico a tu fiesta<\/p>\n            <\/div>\n        <\/div>\n<\/body>\n<\/html>\n\n\n\n<div class=\"wp-block-columns is-layout-flex wp-container-core-columns-is-layout-9d6595d7 wp-block-columns-is-layout-flex\">\n<div class=\"wp-block-column is-layout-flow wp-block-column-is-layout-flow\">\n<!DOCTYPE html>\n<html lang=\"es\">\n<head>\n    <meta charset=\"UTF-8\">\n    <meta name=\"viewport\" content=\"width=device-width, initial-scale=1.0\">\n    <title>Cont\u00e1ctanos &#8211; Fiesta Diko<\/title>\n    <script src=\"https:\/\/cdn.tailwindcss.com\"><\/script>\n    <link href=\"https:\/\/cdn.jsdelivr.net\/npm\/font-awesome@4.7.0\/css\/font-awesome.min.css\" rel=\"stylesheet\">\n    <script>\n        tailwind.config = {\n            theme: {\n                extend: {\n                    colors: {\n                        primary: '#8A2BE2', \/\/ \u7d2b\u8272\u4f5c\u4e3a\u4e3b\u8272\u8c03\uff0c\u547c\u5e94LOGO\u4e2d\u7684\u7d2b\u8272\u6c14\u7403\n                        secondary: '#32CD32', \/\/ \u7eff\u8272\u4f5c\u4e3a\u8f85\u52a9\u8272\uff0c\u547c\u5e94LOGO\u4e2d\u7684\u7eff\u8272\u6c14\u7403\n                        accent: '#FF6347', \/\/ \u6a59\u8272\u4f5c\u4e3a\u5f3a\u8c03\u8272\uff0c\u547c\u5e94LOGO\u4e2d\u7684\u6a59\u8272\u6c14\u7403\n                    },\n                    fontFamily: {\n                        sans: ['Inter', 'system-ui', 'sans-serif'],\n                    },\n                }\n            }\n        }\n    <\/script>\n    <style type=\"text\/tailwindcss\">\n        @layer utilities {\n            .text-shadow {\n                text-shadow: 2px 2px 4px rgba(0, 0, 0, 0.2);\n            }\n            .transition-custom {\n                transition: all 0.3s ease-in-out;\n            }\n        }\n    <\/style>\n<\/head>\n<body>\n<!-- \u8054\u7cfb\u4fe1\u606f -->\n            <div class=\"bg-white rounded-xl shadow-md p-8\">\n                <h2 class=\"text-2xl font-bold text-gray-800 mb-6\">Informaci\u00f3n de contacto<\/h2>\n                \n                <div class=\"space-y-6\">\n                    <div class=\"flex items-start\">\n                        <div class=\"w-10 h-10 bg-green-100 rounded-full flex items-center justify-center mr-4 flex-shrink-0\">\n                            <i class=\"fa fa-whatsapp text-green-600\"><\/i>\n                        <\/div>\n                        <div>\n                            <h3 class=\"font-semibold text-gray-800 mb-1\">WhatsApp<\/h3>\n                            <a href=\"https:\/\/wa.me\/34611611550\" class=\"text-gray-600 hover:text-primary transition-custom\" target=\"_blank\" rel=\"noopener\">+34 611 611 550<\/a>\n                        <\/div>\n                    <\/div>\n                    \n                    <div class=\"flex items-start\">\n                        <div class=\"w-10 h-10 bg-blue-100 rounded-full flex items-center justify-center mr-4 flex-shrink-0\">\n                            <i class=\"fa fa-map-marker text-blue-600\"><\/i>\n                        <\/div>\n                        <div>\n                            <h3 class=\"font-semibold text-gray-800 mb-1\">\u00c1rea de servicio<\/h3>\n                            <p class=\"text-gray-600\">Barcelona y zonas cercanas<\/p>\n                        <\/div>\n                    <\/div>\n                    \n                    <div class=\"flex items-start\">\n                        <div class=\"w-10 h-10 bg-purple-100 rounded-full flex items-center justify-center mr-4 flex-shrink-0\">\n                            <i class=\"fa fa-calendar text-purple-600\"><\/i>\n                        <\/div>\n                        <div>\n                            <h3 class=\"font-semibold text-gray-800 mb-1\">Informaci\u00f3n de reserva<\/h3>\n                            <p class=\"text-gray-600\">Por favor, reserve nuestros servicios con antelaci\u00f3n para que podamos ofrecerle la mejor experiencia<\/p>\n                        <\/div>\n                    <\/div>\n                <\/div>\n                \n                <!-- \u5feb\u901f\u8054\u7cfb\u6309\u94ae -->\n                <div class=\"mt-8 flex flex-col sm:flex-row gap-4\">\n                    <a href=\"https:\/\/wa.me\/34611611550\" class=\"flex items-center justify-center bg-green-600 text-white px-6 py-3 rounded-lg hover:bg-green-700 transition-custom\" target=\"_blank\" rel=\"noopener\">\n                        <i class=\"fa fa-whatsapp mr-2\"><\/i> Enviar mensaje\n                    <\/a>\n                <\/div>\n            <\/div>\n<\/body>\n<\/html>\n    \n<\/div>\n\n\n\n<div class=\"wp-block-column is-layout-flow wp-block-column-is-layout-flow\">\n<h2 class=\"wp-block-heading has-nv-dark-bg-color has-text-color has-link-color has-large-font-size wp-elements-f55c808b512bf091d0a0524e9686984e\">FAQs<\/h2>\n\n\n\n<p class=\"has-nv-dark-bg-color has-text-color has-link-color wp-elements-d684a8d28e364a6b77793dc52afe2c99\"><em>A continuaci\u00f3n, encontrar\u00e1 las preguntas m\u00e1s frecuentes de nuestros clientes. Si tiene alguna otra consulta, no dude en contactarnos.<\/em><\/p>\n\n\n\n<div style=\"height:20px\" aria-hidden=\"true\" class=\"wp-block-spacer\"><\/div>\n\n\n<div ><style>#sp-ea-178 .spcollapsing { height: 0; overflow: hidden; transition-property: height;transition-duration: 300ms;}#sp-ea-178.sp-easy-accordion>.sp-ea-single {margin-bottom: 10px; border: 1px solid #e2e2e2; }#sp-ea-178.sp-easy-accordion>.sp-ea-single>.ea-header a {color: #444;}#sp-ea-178.sp-easy-accordion>.sp-ea-single>.sp-collapse>.ea-body {background: #fff; color: #444;}#sp-ea-178.sp-easy-accordion>.sp-ea-single {background: #eee;}#sp-ea-178.sp-easy-accordion>.sp-ea-single>.ea-header a .ea-expand-icon { float: left; color: #444;font-size: 16px;}<\/style><div id=\"sp_easy_accordion-1760022654\"><div id=\"sp-ea-178\" class=\"sp-ea-one sp-easy-accordion\" data-ea-active=\"ea-click\" data-ea-mode=\"vertical\" data-preloader=\"\" data-scroll-active-item=\"\" data-offset-to-scroll=\"0\"><div class=\"ea-card ea-expand sp-ea-single\"><h3 class=\"ea-header\"><a class=\"collapsed\" id=\"ea-header-1780\" role=\"button\" data-sptoggle=\"spcollapse\" data-sptarget=\"#collapse1780\" aria-controls=\"collapse1780\" href=\"#\" aria-expanded=\"true\" tabindex=\"0\"><i aria-hidden=\"true\" role=\"presentation\" class=\"ea-expand-icon eap-icon-ea-expand-minus\"><\/i> \u00bfQu\u00e9 tipos de servicios ofrece Decor Fiesta?<\/a><\/h3><div class=\"sp-collapse spcollapse collapsed show\" id=\"collapse1780\" data-parent=\"#sp-ea-178\" role=\"region\" aria-labelledby=\"ea-header-1780\"> <div class=\"ea-body\"><p><em>Ofrecemos una amplia variedad de servicios de organizaci\u00f3n de fiestas, incluyendo: celebraciones de cumplea\u00f1os y banquetes, propuestas de matrimonio y declaraciones de amor, fiestas tem\u00e1ticas y eventos festivos.<\/em><\/p><\/div><\/div><\/div><div class=\"ea-card sp-ea-single\"><h3 class=\"ea-header\"><a class=\"collapsed\" id=\"ea-header-1781\" role=\"button\" data-sptoggle=\"spcollapse\" data-sptarget=\"#collapse1781\" aria-controls=\"collapse1781\" href=\"#\" aria-expanded=\"false\" tabindex=\"0\"><i aria-hidden=\"true\" role=\"presentation\" class=\"ea-expand-icon eap-icon-ea-expand-plus\"><\/i> \u00bfCon cu\u00e1nta antelaci\u00f3n debemos contactarles para organizar una fiesta?<\/a><\/h3><div class=\"sp-collapse spcollapse \" id=\"collapse1781\" data-parent=\"#sp-ea-178\" role=\"region\" aria-labelledby=\"ea-header-1781\"> <div class=\"ea-body\"><p>Le recomendamos contactarnos con al menos\u00a0<strong>2-4 semanas de antelaci\u00f3n<\/strong>. En periodos festivos (Navidad, verano, etc.), lo ideal es reservar\u00a0<strong>1-2 meses antes<\/strong>. As\u00ed dispondremos del tiempo necesario para comprender sus necesidades, desarrollar una propuesta detallada y garantizar la disponibilidad de todos los recursos. En resumen:\u00a0<strong>cuanto antes nos avise, mayor ser\u00e1 la variedad de estilos de decoraci\u00f3n disponibles<\/strong>\u00a0para su evento.<\/p><\/div><\/div><\/div><div class=\"ea-card sp-ea-single\"><h3 class=\"ea-header\"><a class=\"collapsed\" id=\"ea-header-1782\" role=\"button\" data-sptoggle=\"spcollapse\" data-sptarget=\"#collapse1782\" aria-controls=\"collapse1782\" href=\"#\" aria-expanded=\"false\" tabindex=\"0\"><i aria-hidden=\"true\" role=\"presentation\" class=\"ea-expand-icon eap-icon-ea-expand-plus\"><\/i> \u00bfC\u00f3mo puedo obtener un presupuesto para la organizaci\u00f3n de mi fiesta?<\/a><\/h3><div class=\"sp-collapse spcollapse \" id=\"collapse1782\" data-parent=\"#sp-ea-178\" role=\"region\" aria-labelledby=\"ea-header-1782\"> <div class=\"ea-body\"><p>\u00a1Por supuesto! Fomentamos activamente que nuestros clientes aporten sus propias ideas y creatividad. Nuestro equipo de dise\u00f1adores adaptar\u00e1 cada detalle a sus preferencias, creando una fiesta tem\u00e1tica \u00fanica y memorable que refleje su estilo personal.<\/p><\/div><\/div><\/div><div class=\"ea-card sp-ea-single\"><h3 class=\"ea-header\"><a class=\"collapsed\" id=\"ea-header-1783\" role=\"button\" data-sptoggle=\"spcollapse\" data-sptarget=\"#collapse1783\" aria-controls=\"collapse1783\" href=\"#\" aria-expanded=\"false\" tabindex=\"0\"><i aria-hidden=\"true\" role=\"presentation\" class=\"ea-expand-icon eap-icon-ea-expand-plus\"><\/i> \u00bfEs posible personalizar el tema y estilo de la fiesta?<\/a><\/h3><div class=\"sp-collapse spcollapse \" id=\"collapse1783\" data-parent=\"#sp-ea-178\" role=\"region\" aria-labelledby=\"ea-header-1783\"> <div class=\"ea-body\"><p><strong>\u00a1Por supuesto! Fomentamos activamente que nuestros clientes aporten sus propias ideas y creatividad. Nuestro equipo de dise\u00f1adores adaptar\u00e1 cada detalle a sus preferencias, creando una fiesta tem\u00e1tica \u00fanica y memorable que refleje su estilo personal.<\/strong><\/p><\/div><\/div><\/div><\/div><\/div><\/div><\/div>\n<\/div>\n<\/div><\/div>\n","protected":false},"excerpt":{"rendered":"","protected":false},"author":1,"featured_media":0,"parent":0,"menu_order":0,"comment_status":"closed","ping_status":"closed","template":"","meta":{"neve_meta_sidebar":"","neve_meta_container":"","neve_meta_enable_content_width":"","neve_meta_content_width":0,"neve_meta_title_alignment":"","neve_meta_author_avatar":"","neve_post_elements_order":"","neve_meta_disable_header":"","neve_meta_disable_footer":"","neve_meta_disable_title":"","_vp_format_video_url":"","_vp_image_focal_point":[],"_joinchat":[],"footnotes":""},"class_list":["post-49","page","type-page","status-publish","hentry"],"_links":{"self":[{"href":"https:\/\/decorfiestas.com\/index.php?rest_route=\/wp\/v2\/pages\/49","targetHints":{"allow":["GET"]}}],"collection":[{"href":"https:\/\/decorfiestas.com\/index.php?rest_route=\/wp\/v2\/pages"}],"about":[{"href":"https:\/\/decorfiestas.com\/index.php?rest_route=\/wp\/v2\/types\/page"}],"author":[{"embeddable":true,"href":"https:\/\/decorfiestas.com\/index.php?rest_route=\/wp\/v2\/users\/1"}],"replies":[{"embeddable":true,"href":"https:\/\/decorfiestas.com\/index.php?rest_route=%2Fwp%2Fv2%2Fcomments&post=49"}],"version-history":[{"count":13,"href":"https:\/\/decorfiestas.com\/index.php?rest_route=\/wp\/v2\/pages\/49\/revisions"}],"predecessor-version":[{"id":191,"href":"https:\/\/decorfiestas.com\/index.php?rest_route=\/wp\/v2\/pages\/49\/revisions\/191"}],"wp:attachment":[{"href":"https:\/\/decorfiestas.com\/index.php?rest_route=%2Fwp%2Fv2%2Fmedia&parent=49"}],"curies":[{"name":"wp","href":"https:\/\/api.w.org\/{rel}","templated":true}]}}